{"id":57,"date":"2022-02-10T07:45:15","date_gmt":"2022-02-10T07:45:15","guid":{"rendered":"https:\/\/szmcsaladsegito.hu\/autoberles\/?page_id=57"},"modified":"2023-10-27T10:54:28","modified_gmt":"2023-10-27T10:54:28","slug":"kapcsolat","status":"publish","type":"page","link":"https:\/\/berauto-pest.hu\/?page_id=57","title":{"rendered":"Kapcsolat"},"content":{"rendered":"<div class=\"entry-content clear\">\n<h1 style=\"text-align: center;\"><strong>El\u00e9rhet\u0151s\u00e9geink<\/strong><\/h1>\n<p style=\"text-align: center;\"><strong><em>Vegye fel vel\u00fcnk a kapcsolatot<\/em><\/strong><\/p>\n<\/div>\n<div class=\"entry-content clear\">\n<h2 style=\"text-align: center;\">Telefon:<strong>+3670 626 9600\/+3670 410 5919\u00a0<\/strong><\/h2>\n<h3 style=\"text-align: center;\">C\u00edmeink: <strong>1181 Budapest, Iker T\u00e9r 4\/b.<\/strong><\/h3>\n<h3 style=\"text-align: center;\"><strong>1163 Budapest, Veres P\u00e9ter \u00fat 17. L\u00e1ndzsa utca sarok\u00a0<\/strong><\/h3>\n<h5><\/h5>\n<h5 style=\"text-align: center;\"><em>G\u00e9pj\u00e1rm\u0171veinket d\u00edjaz\u00e1s ellen\u00e9ben, telefonon el\u0151re egyeztetett helyre sz\u00e1ll\u00edtjuk<\/em><\/h5>\n<h5 style=\"text-align: center;\"><em>\u00e9s nyitvatart\u00e1si id\u0151n t\u00fal is \u00e1llunk rendelkez\u00e9s\u00fckre!<\/em><\/h5>\n<h3 style=\"text-align: center;\"><strong><span style=\"text-decoration: underline; font-size: 14pt;\">Nyitvatart\u00e1s:<\/span><\/strong><\/h3>\n<h3 style=\"text-align: center;\"><strong><span style=\"font-size: 14pt;\">H\u00e9tf\u0151-p\u00e9ntek: 09:00 \u2013 17:00<\/span><\/strong><\/h3>\n<h6 style=\"text-align: center;\"><strong><span style=\"font-size: 14pt;\">Szombat: 09:00-12:00<\/span><\/strong><\/h6>\n<h6 style=\"text-align: center;\"><strong><span style=\"font-size: 14pt;\">Vas\u00e1rnap: Z\u00e1rva<\/span><\/strong><\/h6>\n<figure><iframe loading=\"lazy\" style=\"border: 0;\" src=\"https:\/\/www.google.com\/maps\/embed?pb=!1m18!1m12!1m3!1d2698.8291849365814!2d19.168985416232662!3d47.43477400782406!2m3!1f0!2f0!3f0!3m2!1i1024!2i768!4f13.1!3m3!1m2!1s0x4741c2688e9c6ddd%3A0x88ee0ebe9081920a!2sBudapest%2C%20Iker%20t%C3%A9r%204b%2C%201181!5e0!3m2!1sen!2shu!4v1644479345658!5m2!1sen!2shu\" width=\"600\" height=\"450\" allowfullscreen=\"allowfullscreen\"><\/iframe><\/figure>\n<\/div>\n","protected":false},"excerpt":{"rendered":"<p>El\u00e9rhet\u0151s\u00e9geink Vegye fel vel\u00fcnk a kapcsolatot Telefon:+3670 626 9600\/+3670 410 5919\u00a0 C\u00edmeink: 1181 Budapest, Iker T\u00e9r 4\/b. 1163 Budapest, Veres P\u00e9ter \u00fat 17. L\u00e1ndzsa utca sarok\u00a0 G\u00e9pj\u00e1rm\u0171veinket d\u00edjaz\u00e1s ellen\u00e9ben, telefonon el\u0151re egyeztetett helyre sz\u00e1ll\u00edtjuk \u00e9s nyitvatart\u00e1si id\u0151n t\u00fal is \u00e1llunk rendelkez\u00e9s\u00fckre! Nyitvatart\u00e1s: H\u00e9tf\u0151-p\u00e9ntek: 09:00 \u2013 17:00 Szombat: 09:00-12:00 Vas\u00e1rnap: Z\u00e1rva<\/p>\n","protected":false},"author":1,"featured_media":0,"parent":0,"menu_order":0,"comment_status":"closed","ping_status":"closed","template":"","meta":{"site-sidebar-layout":"default","site-content-layout":"default","ast-main-header-display":"","ast-hfb-above-header-display":"","ast-hfb-below-header-display":"","ast-hfb-mobile-header-display":"","site-post-title":"","ast-breadcrumbs-content":"","ast-featured-img":"","footer-sml-layout":"","theme-transparent-header-meta":"","adv-header-id-meta":"","stick-header-meta":"","header-above-stick-meta":"","header-main-stick-meta":"","header-below-stick-meta":"","footnotes":""},"class_list":["post-57","page","type-page","status-publish","hentry"],"_links":{"self":[{"href":"https:\/\/berauto-pest.hu\/index.php?rest_route=\/wp\/v2\/pages\/57","targetHints":{"allow":["GET"]}}],"collection":[{"href":"https:\/\/berauto-pest.hu\/index.php?rest_route=\/wp\/v2\/pages"}],"about":[{"href":"https:\/\/berauto-pest.hu\/index.php?rest_route=\/wp\/v2\/types\/page"}],"author":[{"embeddable":true,"href":"https:\/\/berauto-pest.hu\/index.php?rest_route=\/wp\/v2\/users\/1"}],"replies":[{"embeddable":true,"href":"https:\/\/berauto-pest.hu\/index.php?rest_route=%2Fwp%2Fv2%2Fcomments&post=57"}],"version-history":[{"count":13,"href":"https:\/\/berauto-pest.hu\/index.php?rest_route=\/wp\/v2\/pages\/57\/revisions"}],"predecessor-version":[{"id":360,"href":"https:\/\/berauto-pest.hu\/index.php?rest_route=\/wp\/v2\/pages\/57\/revisions\/360"}],"wp:attachment":[{"href":"https:\/\/berauto-pest.hu\/index.php?rest_route=%2Fwp%2Fv2%2Fmedia&parent=57"}],"curies":[{"name":"wp","href":"https:\/\/api.w.org\/{rel}","templated":true}]}}