{"id":63,"date":"2022-02-08T09:07:47","date_gmt":"2022-02-08T09:07:47","guid":{"rendered":"https:\/\/berauto-pest.hu\/?page_id=63"},"modified":"2022-07-06T14:21:06","modified_gmt":"2022-07-06T14:21:06","slug":"tudnivalok","status":"publish","type":"page","link":"https:\/\/berauto-pest.hu\/?page_id=63","title":{"rendered":"Tudnival\u00f3k"},"content":{"rendered":"\n<h3 class=\"wp-block-heading\"><span class=\"ez-toc-section\" id=\"Autoberleshez_szukseges_okmanyok\"><\/span>Aut\u00f3b\u00e9rl\u00e9shez sz\u00fcks\u00e9ges okm\u00e1nyok:<span class=\"ez-toc-section-end\"><\/span><\/h3>\n\n\n\n<h4 class=\"wp-block-heading\"><span class=\"ez-toc-section\" id=\"Maganszemely_eseten\"><\/span><span style=\"text-decoration: underline;\"><strong>Mag\u00e1nszem\u00e9ly eset\u00e9n:<\/strong><\/span><span class=\"ez-toc-section-end\"><\/span><\/h4>\n\n\n\n<ul class=\"wp-block-list\"><li> <h4><span class=\"ez-toc-section\" id=\"Legalabb_1_eves_jogositvany\"><\/span>Legal\u00e1bb 1 \u00e9ves jogos\u00edtv\u00e1ny<span class=\"ez-toc-section-end\"><\/span><\/h4> <\/li><li> <h4><span class=\"ez-toc-section\" id=\"Szemelyi_igazolvany\"><\/span>Szem\u00e9lyi igazolv\u00e1ny<span class=\"ez-toc-section-end\"><\/span><\/h4> <\/li><li> <h4><span class=\"ez-toc-section\" id=\"Lakcimkartya\"><\/span>Lakc\u00edmk\u00e1rtya<span class=\"ez-toc-section-end\"><\/span><\/h4> <\/li><li> <h4><span class=\"ez-toc-section\" id=\"TAJ_kartya\"><\/span>TAJ k\u00e1rtya<span class=\"ez-toc-section-end\"><\/span><\/h4> <\/li><li> <h4><span class=\"ez-toc-section\" id=\"Ado_kartya\"><\/span>Ad\u00f3 k\u00e1rtya<span class=\"ez-toc-section-end\"><\/span><\/h4> <\/li><li><h4>K\u00f6z\u00fczemi sz\u00e1mla (nem felt\u00e9tel)<\/h4> <\/li><\/ul>\n\n\n\n<h4 class=\"wp-block-heading\"><span class=\"ez-toc-section\" id=\"Ceg_eseten_Ceg_kepviselo_szemelyes_iratai\"><\/span><strong><span style=\"text-decoration: underline;\"> C\u00e9g eset\u00e9n:<\/span><br>\n<\/strong>C\u00e9g k\u00e9pvisel\u0151 szem\u00e9lyes iratai:<span class=\"ez-toc-section-end\"><\/span><\/h4>\n\n\n\n<ul class=\"wp-block-list\"><li>\n<h4><span class=\"ez-toc-section\" id=\"Legalabb_1_eves_jogositvany-2\"><\/span>Legal\u00e1bb 1 \u00e9ves jogos\u00edtv\u00e1ny<span class=\"ez-toc-section-end\"><\/span><\/h4>\n<\/li><li>\n<h4><span class=\"ez-toc-section\" id=\"Szemelyi_igazolvany-2\"><\/span>Szem\u00e9lyi igazolv\u00e1ny<span class=\"ez-toc-section-end\"><\/span><\/h4>\n<\/li><li>\n<h4><span class=\"ez-toc-section\" id=\"Lakcimkartya-2\"><\/span>Lakc\u00edmk\u00e1rtya<span class=\"ez-toc-section-end\"><\/span><\/h4>\n<\/li><li>\n<h4><span class=\"ez-toc-section\" id=\"TAJ_kartya-2\"><\/span>TAJ k\u00e1rtya<span class=\"ez-toc-section-end\"><\/span><\/h4>\n<\/li><li>\n<h4><span class=\"ez-toc-section\" id=\"Adokartya\"><\/span>Ad\u00f3k\u00e1rtya<span class=\"ez-toc-section-end\"><\/span><\/h4>\n<\/li><li>\n<h4><span class=\"ez-toc-section\" id=\"Alairasi_cimpeldany\"><\/span>Al\u00e1\u00edr\u00e1si c\u00edmp\u00e9ld\u00e1ny<span class=\"ez-toc-section-end\"><\/span><\/h4>\n<\/li><li>\n<h4><span class=\"ez-toc-section\" id=\"Cegkivonat\"><\/span>C\u00e9gkivonat<span class=\"ez-toc-section-end\"><\/span><\/h4>\n<\/li><\/ul>\n\n\n\n<h4 class=\"wp-block-heading\"><span class=\"ez-toc-section\" id=\"Kulfoldi_allampolgar_eseten\"><\/span><strong>K\u00fclf\u00f6ldi \u00e1llampolg\u00e1r eset\u00e9n:<\/strong><span class=\"ez-toc-section-end\"><\/span><\/h4>\n\n\n\n<ul class=\"wp-block-list\"><li>\n<h4><span class=\"ez-toc-section\" id=\"Legalabb_1_eves_jogositvany-3\"><\/span>Legal\u00e1bb 1 \u00e9ves jogos\u00edtv\u00e1ny<span class=\"ez-toc-section-end\"><\/span><\/h4>\n<\/li><li>\n<h4><span class=\"ez-toc-section\" id=\"Utlevel\"><\/span>\u00datlev\u00e9l<span class=\"ez-toc-section-end\"><\/span><\/h4>\n<\/li><\/ul>\n\n\n\n<h4 class=\"wp-block-heading\"><span class=\"ez-toc-section\" id=\"Korhatar_kovetelmeny_Minimum_21_eves_eletkor\"><\/span><strong>Korhat\u00e1r k\u00f6vetelm\u00e9ny:<br>\n<\/strong>Minimum 21 \u00e9ves \u00e9letkor.<span class=\"ez-toc-section-end\"><\/span><\/h4>\n\n\n\n<h4 class=\"wp-block-heading\"><span class=\"ez-toc-section\" id=\"Berleti_nap_idotartama_Egy_berleti_nap_24_oras_idotartamot_jelent\"><\/span><strong>B\u00e9rleti nap id\u0151tartama:<\/strong><br> Egy b\u00e9rleti nap reggel 10:00 \u00f3r\u00e1t\u00f3l m\u00e1snap reggel 10:00 . \u00f3r\u00e1ig \u00e9rtend\u0151!<span class=\"ez-toc-section-end\"><\/span><\/h4>\n\n\n\n<h4 class=\"wp-block-heading\"><span class=\"ez-toc-section\" id=\"Berautoink_felkeszultsege_Berautoinkat_a_mindenkor_megszabott_legmagasabb_muszaki_eloirasoknak_megfeleloen_bocsajtjuk_ugyfeleink_rendelkezesere_Nem_utolsosorban_gepjarmuveink_az_evszaknak_es_az_eppen_akkori_idojarasi_viszonyoknak_megfeleloen_varjak_megrendelesuket_Teli-nyari_gumi_illetve_szelvedomoso_folyadek_holanc\"><\/span><strong>B\u00e9raut\u00f3ink felk\u00e9sz\u00fclts\u00e9ge:<\/strong><br>\nB\u00e9raut\u00f3inkat a mindenkor megszabott legmagasabb m\u0171szaki el\u0151\u00edr\u00e1soknak megfelel\u0151en bocs\u00e1jtjuk \u00fcgyfeleink rendelkez\u00e9s\u00e9re! Nem utols\u00f3sorban g\u00e9pj\u00e1rm\u0171veink az \u00e9vszaknak \u00e9s az \u00e9ppen akkori id\u0151j\u00e1r\u00e1si viszonyoknak megfelel\u0151en v\u00e1rj\u00e1k megrendel\u00e9s\u00fcket! (T\u00e9li-ny\u00e1ri gumi, illetve sz\u00e9lv\u00e9d\u0151mos\u00f3 folyad\u00e9k, h\u00f3l\u00e1nc)<span class=\"ez-toc-section-end\"><\/span><\/h4>\n\n\n\n<h4 class=\"wp-block-heading\"><span class=\"ez-toc-section\" id=\"Napi_kilometerlimit_Kilometerlimit_300_kmnap_max_3500_kmhonap_e_felett_20_Ft_km_dijat_szamitunk_fel\"><\/span><strong>Napi kilom\u00e9terlimit:<\/strong><br>\nKilom\u00e9terlimit: 300 km\/nap (max. 3500 km\/h\u00f3nap), e felett 20&nbsp;Ft\/ km d\u00edjat sz\u00e1m\u00edtunk fel.<span class=\"ez-toc-section-end\"><\/span><\/h4>\n\n\n\n<h4 class=\"wp-block-heading\"><span class=\"ez-toc-section\" id=\"Csereauto_szolgaltatas_Cegunk_a_gepkocsi_meghibasodasa_eseten_lehetoseg_szerint_csere_gepkocsit_biztosit\"><\/span><strong>Csereaut\u00f3 szolg\u00e1ltat\u00e1s:<\/strong><br>\nC\u00e9g\u00fcnk a g\u00e9pkocsi meghib\u00e1sod\u00e1sa eset\u00e9n, lehet\u0151s\u00e9g szerint csere g\u00e9pkocsit biztos\u00edt.<span class=\"ez-toc-section-end\"><\/span><\/h4>\n\n\n\n<h4 class=\"wp-block-heading\"><span class=\"ez-toc-section\" id=\"Uzemanyag_A_gepkocsi_tele_uzemanyagtartallyal_kerul_atadasra_Amennyiben_a_berlo_a_gepkocsit_nem_teletoltott_uzemanyagtartallyal_adja_vissza_a_berlo_a_hianyzo_uzemanyag_arat_koteles_megteriteni\"><\/span><strong> \u00dczemanyag:<\/strong><br>\nA g\u00e9pkocsi tele \u00fczemanyagtart\u00e1llyal ker\u00fcl \u00e1tad\u00e1sra. Amennyiben a b\u00e9rl\u0151 a g\u00e9pkocsit nem telet\u00f6lt\u00f6tt \u00fczemanyagtart\u00e1llyal adja vissza, a b\u00e9rl\u0151 a hi\u00e1nyz\u00f3 \u00fczemanyag \u00e1r\u00e1t k\u00f6teles megt\u00e9r\u00edteni.<span class=\"ez-toc-section-end\"><\/span><\/h4>\n\n\n\n<h4 class=\"wp-block-heading\"><span class=\"ez-toc-section\" id=\"Egyeb_hasznalat_A_berlet_futamideje_alatt_Berlo_koteles_minden_a_berlet_targyat_kepezo_gepkocsi_hasznalataval_kapcsolatos_koltseget_az_autopalya_hasznalat_dijat_a_parkolasi_dijakat_esetleges_szabalysertesi_birsagot_illetve_egyeb_hasonlo_koltseget_viselni_utolag_is_Berlo_koteles_a_teljes_berleti_futamido_alatt_megfizetett_ilyen_jellegu_koltseg_bizonylatat_a_berlet_futamidejenek_vegen_hianytalanul_Berbeado_reszere_atadni\"><\/span><strong>Egy\u00e9b haszn\u00e1lat:<\/strong><br>\nA b\u00e9rlet futamideje alatt B\u00e9rl\u0151 k\u00f6teles minden, a b\u00e9rlet t\u00e1rgy\u00e1t k\u00e9pez\u0151 g\u00e9pkocsi haszn\u00e1lat\u00e1val kapcsolatos k\u00f6lts\u00e9get (az aut\u00f3p\u00e1lya haszn\u00e1lat d\u00edj\u00e1t, a parkol\u00e1si d\u00edjakat, esetleges szab\u00e1lys\u00e9rt\u00e9si b\u00edrs\u00e1got, illetve egy\u00e9b hasonl\u00f3 k\u00f6lts\u00e9get) viselni (ut\u00f3lag is). B\u00e9rl\u0151 k\u00f6teles a teljes b\u00e9rleti futamid\u0151 alatt megfizetett ilyen jelleg\u0171 k\u00f6lts\u00e9g bizonylat\u00e1t a b\u00e9rlet futamidej\u00e9nek v\u00e9g\u00e9n hi\u00e1nytalanul B\u00e9rbead\u00f3 r\u00e9sz\u00e9re \u00e1tadni.<span class=\"ez-toc-section-end\"><\/span><\/h4>\n\n\n\n<h4 class=\"wp-block-heading\"><span class=\"ez-toc-section\" id=\"Takaritasi_dij_Szemelyautoknal_3000_Ft_Teherautoknal_8000_Ft\"><\/span><strong>Takar\u00edt\u00e1si d\u00edj:<\/strong><br> Szem\u00e9lyaut\u00f3kn\u00e1l: 5000 Ft<br> Teheraut\u00f3kn\u00e1l: 8000 Ft<span class=\"ez-toc-section-end\"><\/span><\/h4>\n\n\n\n<h4 class=\"wp-block-heading\"><span class=\"ez-toc-section\" id=\"Amennyiben_a_Berlo_tiszta_allapotban_hozza_vissza_az_autot_takaritasi_dijat_nem_szamitunk_fel\"><\/span>Amennyiben a B\u00e9rl\u0151 tiszta \u00e1llapotban hozza vissza az aut\u00f3t, takar\u00edt\u00e1si d\u00edjat nem sz\u00e1m\u00edtunk fel.<span class=\"ez-toc-section-end\"><\/span><\/h4>\n","protected":false},"excerpt":{"rendered":"<p>Aut\u00f3b\u00e9rl\u00e9shez sz\u00fcks\u00e9ges okm\u00e1nyok: Mag\u00e1nszem\u00e9ly eset\u00e9n: Legal\u00e1bb 1 \u00e9ves jogos\u00edtv\u00e1ny Szem\u00e9lyi igazolv\u00e1ny Lakc\u00edmk\u00e1rtya TAJ k\u00e1rtya Ad\u00f3 k\u00e1rtya K\u00f6z\u00fczemi sz\u00e1mla (nem felt\u00e9tel) C\u00e9g eset\u00e9n: C\u00e9g k\u00e9pvisel\u0151 szem\u00e9lyes iratai: Legal\u00e1bb 1 \u00e9ves jogos\u00edtv\u00e1ny Szem\u00e9lyi igazolv\u00e1ny Lakc\u00edmk\u00e1rtya TAJ k\u00e1rtya Ad\u00f3k\u00e1rtya Al\u00e1\u00edr\u00e1si c\u00edmp\u00e9ld\u00e1ny C\u00e9gkivonat K\u00fclf\u00f6ldi \u00e1llampolg\u00e1r eset\u00e9n: Legal\u00e1bb 1 \u00e9ves jogos\u00edtv\u00e1ny \u00datlev\u00e9l Korhat\u00e1r k\u00f6vetelm\u00e9ny: Minimum 21 \u00e9ves \u00e9letkor. B\u00e9rleti nap &hellip;<\/p>\n<p class=\"read-more\"> <a class=\"\" href=\"https:\/\/berauto-pest.hu\/?page_id=63\"> <span class=\"screen-reader-text\">Tudnival\u00f3k<\/span> Read More &raquo;<\/a><\/p>\n","protected":false},"author":1,"featured_media":0,"parent":0,"menu_order":0,"comment_status":"closed","ping_status":"closed","template":"","meta":{"site-sidebar-layout":"default","site-content-layout":"default","ast-main-header-display":"","ast-hfb-above-header-display":"","ast-hfb-below-header-display":"","ast-hfb-mobile-header-display":"","site-post-title":"","ast-breadcrumbs-content":"","ast-featured-img":"","footer-sml-layout":"","theme-transparent-header-meta":"","adv-header-id-meta":"","stick-header-meta":"","header-above-stick-meta":"","header-main-stick-meta":"","header-below-stick-meta":"","footnotes":""},"class_list":["post-63","page","type-page","status-publish","hentry"],"_links":{"self":[{"href":"https:\/\/berauto-pest.hu\/index.php?rest_route=\/wp\/v2\/pages\/63","targetHints":{"allow":["GET"]}}],"collection":[{"href":"https:\/\/berauto-pest.hu\/index.php?rest_route=\/wp\/v2\/pages"}],"about":[{"href":"https:\/\/berauto-pest.hu\/index.php?rest_route=\/wp\/v2\/types\/page"}],"author":[{"embeddable":true,"href":"https:\/\/berauto-pest.hu\/index.php?rest_route=\/wp\/v2\/users\/1"}],"replies":[{"embeddable":true,"href":"https:\/\/berauto-pest.hu\/index.php?rest_route=%2Fwp%2Fv2%2Fcomments&post=63"}],"version-history":[{"count":5,"href":"https:\/\/berauto-pest.hu\/index.php?rest_route=\/wp\/v2\/pages\/63\/revisions"}],"predecessor-version":[{"id":261,"href":"https:\/\/berauto-pest.hu\/index.php?rest_route=\/wp\/v2\/pages\/63\/revisions\/261"}],"wp:attachment":[{"href":"https:\/\/berauto-pest.hu\/index.php?rest_route=%2Fwp%2Fv2%2Fmedia&parent=63"}],"curies":[{"name":"wp","href":"https:\/\/api.w.org\/{rel}","templated":true}]}}