{"id":13,"date":"2022-01-29T17:48:39","date_gmt":"2022-01-29T17:48:39","guid":{"rendered":"https:\/\/szmcsaladsegito.hu\/autoberles\/?post_type=product&#038;p=13"},"modified":"2023-10-27T09:36:11","modified_gmt":"2023-10-27T09:36:11","slug":"mini-cooper-kolcsonzes-6500-ft-nap-havi-berles-eseten","status":"publish","type":"product","link":"https:\/\/berauto-pest.hu\/?product=mini-cooper-kolcsonzes-6500-ft-nap-havi-berles-eseten","title":{"rendered":"Mini Cooper k\u00f6lcs\u00f6nz\u00e9s 6500 Ft\/nap (havi b\u00e9rl\u00e9s eset\u00e9n)"},"content":{"rendered":"","protected":false},"excerpt":{"rendered":"<h2>Mini Cooper k\u00f6lcs\u00f6nz\u00e9s Budapesten 1.6 (116 LE)<\/h2>\n<div class=\"row\">\n<div class=\"col\"><strong>Mini Cooper b\u00e9rl\u00e9s a <a href=\"https:\/\/www.facebook.com\/carpatikft\/\" target=\"_blank\" rel=\"noopener\">Carpati Kft-t\u0151l<\/a><\/strong><\/div>\n<\/div>\n<div class=\"row\">\n<div id=\"copy_2602340\" class=\"col nl-to-br\">Amikor aut\u00f3k\u00f6lcs\u00f6nz\u00e9sr\u0151l van sz\u00f3, a legt\u00f6bb ember ink\u00e1bb egy adott m\u00e1rk\u00e1t vagy modellt keres. Azok, akik kisebb j\u00e1rm\u0171vet szeretn\u00e9nek b\u00e9relni, a Mini k\u00f6lcs\u00f6nz\u00e9se felt\u00e9tlen\u00fcl a prefer\u00e1lt lehet\u0151s\u00e9gek k\u00f6z\u00e9 tartozik. A Mini Cooper az egyik legn\u00e9pszer\u0171bb modell, amelyet az aut\u00f3k\u00f6lcs\u00f6nz\u0151k Budapesten, a legn\u00e9pszer\u0171bb helyeken k\u00edn\u00e1lnak. Ide\u00e1lis v\u00e1rosi haszn\u00e1latra.<\/div>\n<\/div>\n<p><span style=\"color: #ff0000;\"><strong>6500 Ft\/nap havi b\u00e9rl\u00e9ssel<\/strong><\/span><\/p>\n<p><strong>AZ \u00c1RAK AZ \u00c1F\u00c1T NEM TARTALMAZZ\u00c1K!<\/strong><\/p>\n<p>1-3. nap <strong>8<\/strong><strong>.500 Ft<\/strong>\/nap<br \/>\n4-7. nap <strong>8<\/strong><strong>.000 Ft<\/strong>\/nap<br \/>\n8. napt\u00f3l: <strong>7.0<\/strong><strong>00 Ft<\/strong>\/nap<br \/>\nHavi b\u00e9rl\u00e9s:\u00a0<strong>Egyedi \u00e1r !\u00a0<\/strong><\/p>\n<p><strong>24 \u00f3r\u00e1t\u00f3l kevesebb idej\u0171 b\u00e9rl\u00e9s <\/strong>egys\u00e9gesen <strong>9.900.-<\/strong>\u00a0Forint kisz\u00e1ll\u00edt\u00e1s n\u00e9lk\u00fcl !<\/p>\n<p>Kauci\u00f3: <strong>80.000 Ft<\/strong><\/p>\n<p>Keressen minket b\u00e1tran az al\u00e1bbi telefonsz\u00e1mon:<\/p>\n<h6><span style=\"color: #000080;\"><strong>+36 70 626 96 00<\/strong><\/span><\/h6>\n<p>&nbsp;<\/p>\n<div class=\"col-xs-28 col-sm-14\">\n<div class=\"col-xs-28 col-sm-14\"><\/div>\n<div class=\"col-xs-28 col-sm-14\"><\/div>\n<\/div>\n","protected":false},"featured_media":15,"template":"","meta":{"site-sidebar-layout":"default","site-content-layout":"default","ast-main-header-display":"","ast-hfb-above-header-display":"","ast-hfb-below-header-display":"","ast-hfb-mobile-header-display":"","site-post-title":"","ast-breadcrumbs-content":"","ast-featured-img":"","footer-sml-layout":"","theme-transparent-header-meta":"","adv-header-id-meta":"","stick-header-meta":"","header-above-stick-meta":"","header-main-stick-meta":"","header-below-stick-meta":""},"product_cat":[15,24,21,22,23,18,19],"product_tag":[34,57,38,41,63,47,39,58,60,36,55,56,59,61,62,42],"class_list":{"0":"post-13","1":"product","2":"type-product","3":"status-publish","4":"has-post-thumbnail","6":"product_cat-egyeb","7":"product_cat-autoberles-autoberles","8":"product_cat-autoberlesminicooper","9":"product_cat-budapest","10":"product_cat-kisauto-berles","11":"product_cat-mini","12":"product_cat-minicooper","13":"product_tag-autoberles","14":"product_tag-berauto","15":"product_tag-budapest-autoberles","16":"product_tag-carpati-kft","17":"product_tag-hazhozszallitas","18":"product_tag-kicsi-benzines-berles","19":"product_tag-kisauto-berles","20":"product_tag-kolcson-kocsi","21":"product_tag-konkord-auto-kft","22":"product_tag-olcso-autoberles","23":"product_tag-olcso-autokolcsonzes","24":"product_tag-olcso-berauto","25":"product_tag-olcso-kis-auto-berles","26":"product_tag-pest-megye-autoberles","27":"product_tag-pest-megye-autokolcsonzes","28":"product_tag-repteri-autoberles","30":"first","31":"instock","32":"sold-individually","33":"shipping-taxable","34":"product-type-simple"},"_links":{"self":[{"href":"https:\/\/berauto-pest.hu\/index.php?rest_route=\/wp\/v2\/product\/13","targetHints":{"allow":["GET"]}}],"collection":[{"href":"https:\/\/berauto-pest.hu\/index.php?rest_route=\/wp\/v2\/product"}],"about":[{"href":"https:\/\/berauto-pest.hu\/index.php?rest_route=\/wp\/v2\/types\/product"}],"wp:featuredmedia":[{"embeddable":true,"href":"https:\/\/berauto-pest.hu\/index.php?rest_route=\/wp\/v2\/media\/15"}],"wp:attachment":[{"href":"https:\/\/berauto-pest.hu\/index.php?rest_route=%2Fwp%2Fv2%2Fmedia&parent=13"}],"wp:term":[{"taxonomy":"product_cat","embeddable":true,"href":"https:\/\/berauto-pest.hu\/index.php?rest_route=%2Fwp%2Fv2%2Fproduct_cat&post=13"},{"taxonomy":"product_tag","embeddable":true,"href":"https:\/\/berauto-pest.hu\/index.php?rest_route=%2Fwp%2Fv2%2Fproduct_tag&post=13"}],"curies":[{"name":"wp","href":"https:\/\/api.w.org\/{rel}","templated":true}]}}