{"id":186,"date":"2022-02-13T15:18:42","date_gmt":"2022-02-13T15:18:42","guid":{"rendered":"https:\/\/berauto-pest.hu\/?post_type=product&#038;p=186"},"modified":"2023-10-27T09:32:57","modified_gmt":"2023-10-27T09:32:57","slug":"smart-piros-automata-5000-ft-nap-havi-berles-eseten","status":"publish","type":"product","link":"https:\/\/berauto-pest.hu\/?product=smart-piros-automata-5000-ft-nap-havi-berles-eseten","title":{"rendered":"Smart (Piros) automata 4500 Ft\/nap (havi b\u00e9rl\u00e9s eset\u00e9n)"},"content":{"rendered":"","protected":false},"excerpt":{"rendered":"<h2>Smart Automata k\u00f6lcs\u00f6nz\u00e9s Budapesten\u00a0 (Benzin)<\/h2>\n<div class=\"row\">\n<div class=\"col\"><strong>Smart b\u00e9rl\u00e9s a <a href=\"https:\/\/www.facebook.com\/carpatikft\/\" target=\"_blank\" rel=\"noopener\">Carpati Kft-t\u0151l<\/a><\/strong><\/div>\n<\/div>\n<div class=\"row\">\n<div id=\"copy_2602340\" class=\"col nl-to-br\">Budapesti c\u00e9g\u00fcnkt\u0151l, b\u00e9rl\u00e9sre k\u00edn\u00e1lunk egy igaz\u00e1n feelinges k\u00e9tszem\u00e9lyes v\u00e1rosi kis Smartot. B\u00e1rhol elf\u00e9r, nincs megoldhatatlan feladat, hab\u00e1r k\u00e9tszem\u00e9lyes, de annak viszont t\u00e1gas!<\/div>\n<\/div>\n<p><span style=\"color: #ff0000;\"><strong>4.000 Ft\/nap havi b\u00e9rl\u00e9ssel<\/strong><\/span><\/p>\n<p><strong>AZ \u00c1RAK AZ \u00c1F\u00c1T NEM TARTALMAZZ\u00c1K!<\/strong><\/p>\n<p>1-3. nap <strong>5.5<\/strong><strong>00 Ft<\/strong>\/nap<br \/>\n4-7. nap <strong>5.000 Ft<\/strong>\/nap<br \/>\n8. napt\u00f3l: <strong>4.5<\/strong><strong>00 Ft<\/strong>\/nap<br \/>\nHavi b\u00e9rl\u00e9s: egyedi \u00e1r<\/p>\n<p><strong>24 \u00f3r\u00e1t\u00f3l kevesebb idej\u0171 b\u00e9rl\u00e9s <\/strong>egys\u00e9gesen <strong>9.900.-<\/strong>\u00a0Forint kisz\u00e1ll\u00edt\u00e1s n\u00e9lk\u00fcl !<\/p>\n<p>&nbsp;<\/p>\n<p>Kauci\u00f3: <strong>5<\/strong><strong>0.000 Ft<\/strong><\/p>\n<p>Keressen minket b\u00e1tran az al\u00e1bbi telefonsz\u00e1mon:<\/p>\n<h6><span style=\"color: #000080;\"><strong>+36 70 626 96 00\u00a0<\/strong><\/span><\/h6>\n","protected":false},"featured_media":187,"template":"","meta":{"site-sidebar-layout":"default","site-content-layout":"default","ast-main-header-display":"","ast-hfb-above-header-display":"","ast-hfb-below-header-display":"","ast-hfb-mobile-header-display":"","site-post-title":"","ast-breadcrumbs-content":"","ast-featured-img":"","footer-sml-layout":"","theme-transparent-header-meta":"","adv-header-id-meta":"","stick-header-meta":"","header-above-stick-meta":"","header-main-stick-meta":"","header-below-stick-meta":""},"product_cat":[20,24,30,22,23,31,33],"product_tag":[37,34,57,38,41,63,47,39,58,60,36,55,56,59,61,62,42,40,35],"class_list":{"0":"post-186","1":"product","2":"type-product","3":"status-publish","4":"has-post-thumbnail","6":"product_cat-autoberles","7":"product_cat-autoberles-autoberles","8":"product_cat-automata-berles","9":"product_cat-budapest","10":"product_cat-kisauto-berles","11":"product_cat-olcso-autoberles","12":"product_cat-smart-automata","13":"product_tag-2-szemelyes-autoberles","14":"product_tag-autoberles","15":"product_tag-berauto","16":"product_tag-budapest-autoberles","17":"product_tag-carpati-kft","18":"product_tag-hazhozszallitas","19":"product_tag-kicsi-benzines-berles","20":"product_tag-kisauto-berles","21":"product_tag-kolcson-kocsi","22":"product_tag-konkord-auto-kft","23":"product_tag-olcso-autoberles","24":"product_tag-olcso-autokolcsonzes","25":"product_tag-olcso-berauto","26":"product_tag-olcso-kis-auto-berles","27":"product_tag-pest-megye-autoberles","28":"product_tag-pest-megye-autokolcsonzes","29":"product_tag-repteri-autoberles","30":"product_tag-smart","31":"product_tag-smart-autoberles","33":"first","34":"instock","35":"shipping-taxable","36":"product-type-simple"},"_links":{"self":[{"href":"https:\/\/berauto-pest.hu\/index.php?rest_route=\/wp\/v2\/product\/186","targetHints":{"allow":["GET"]}}],"collection":[{"href":"https:\/\/berauto-pest.hu\/index.php?rest_route=\/wp\/v2\/product"}],"about":[{"href":"https:\/\/berauto-pest.hu\/index.php?rest_route=\/wp\/v2\/types\/product"}],"wp:featuredmedia":[{"embeddable":true,"href":"https:\/\/berauto-pest.hu\/index.php?rest_route=\/wp\/v2\/media\/187"}],"wp:attachment":[{"href":"https:\/\/berauto-pest.hu\/index.php?rest_route=%2Fwp%2Fv2%2Fmedia&parent=186"}],"wp:term":[{"taxonomy":"product_cat","embeddable":true,"href":"https:\/\/berauto-pest.hu\/index.php?rest_route=%2Fwp%2Fv2%2Fproduct_cat&post=186"},{"taxonomy":"product_tag","embeddable":true,"href":"https:\/\/berauto-pest.hu\/index.php?rest_route=%2Fwp%2Fv2%2Fproduct_tag&post=186"}],"curies":[{"name":"wp","href":"https:\/\/api.w.org\/{rel}","templated":true}]}}